{"id":2023,"date":"2020-12-02T12:05:44","date_gmt":"2020-12-02T10:05:44","guid":{"rendered":"https:\/\/www.trumpauto.eu\/teenindusele\/?page_id=2023"},"modified":"2022-08-10T12:26:21","modified_gmt":"2022-08-10T10:26:21","slug":"registreeri","status":"publish","type":"page","link":"https:\/\/www.trumpauto.eu\/teenindusele\/registreeri\/","title":{"rendered":"Live demo &#8211; Trumpauto"},"content":{"rendered":"<p>[vc_row][vc_column width=&#8221;2\/3&#8243;][vc_empty_space][vc_column_text]<\/p>\n<h4>Trumpauto LIVE DEMO: Kuidas Trumpauto tarkvara enda kasuks t\u00f6\u00f6le panna?<\/h4>\n<h6>Registreeri alloleva vormi kaudu ja Trumpauto esindaja viib l\u00e4bi veebip\u00f5hise esitluse Trumpautost ja vastab personaalselt Sinu k\u00fcsimustele!<\/h6>\n<h6><strong>J\u00e4ta kontaktid ja meie v\u00f5tame \u00fchendust ja lepime Sinuga detailid kokku.<\/strong><\/h6>\n<div>\n<p>Meie demod on suunatud uutele ja vanadele Trumpauto huvilistele, kes soovivad m\u00f5ne konkreetse valdkonna kohta rohkem teada saada ning tutuvuda sellega, kuidas tarkvara aitab neil teha paremat klienditeenindust, planeerimist, arveldust jne.<\/p>\n<\/div>\n<p>[\/vc_column_text][\/vc_column][vc_column width=&#8221;1\/3&#8243; css=&#8221;.vc_custom_1621521886032{padding-top: 30px !important;}&#8221;][vc_single_image image=&#8221;2329&#8243; img_size=&#8221;full&#8221;][\/vc_column][\/vc_row][vc_row][vc_column][vc_empty_space height=&#8221;30px&#8221;][\/vc_column][\/vc_row][vc_row css=&#8221;.vc_custom_1532596692360{padding-bottom: 90px !important;}&#8221;][vc_column offset=&#8221;vc_col-md-8&#8243;][vc_column_text]<\/p>\n<div class=\"wprt-spacer clearfix\" style=\"height: 35px;\" data-desktop=\"0\" data-mobi=\"35\" data-smobi=\"35\"><\/div>\n<p>[\/vc_column_text]\n<div class=\"wpcf7 no-js\" id=\"wpcf7-f2027-o1\" lang=\"en-US\" dir=\"ltr\">\n<div class=\"screen-reader-response\"><p role=\"status\" aria-live=\"polite\" aria-atomic=\"true\"><\/p> <ul><\/ul><\/div>\n<form action=\"\/teenindusele\/wp-json\/wp\/v2\/pages\/2023#wpcf7-f2027-o1\" method=\"post\" class=\"wpcf7-form init\" aria-label=\"Contact form\" novalidate=\"novalidate\" data-status=\"init\">\n<div style=\"display: none;\">\n<input type=\"hidden\" name=\"_wpcf7\" value=\"2027\" \/>\n<input type=\"hidden\" name=\"_wpcf7_version\" value=\"5.7.5.1\" \/>\n<input type=\"hidden\" name=\"_wpcf7_locale\" value=\"en_US\" \/>\n<input type=\"hidden\" name=\"_wpcf7_unit_tag\" value=\"wpcf7-f2027-o1\" \/>\n<input type=\"hidden\" name=\"_wpcf7_container_post\" value=\"0\" \/>\n<input type=\"hidden\" name=\"_wpcf7_posted_data_hash\" value=\"\" \/>\n<\/div>\n<div class=\"wprt-contact-form style-1 margin-top-10\">\n\t<p><span class=\"wpcf7-form-control-wrap\" data-name=\"your-name\"><input size=\"40\" class=\"wpcf7-form-control wpcf7-text wpcf7-validates-as-required\" aria-required=\"true\" aria-invalid=\"false\" placeholder=\"Nimi *\" value=\"\" type=\"text\" name=\"your-name\" \/><\/span><br \/>\n<span class=\"wpcf7-form-control-wrap\" data-name=\"your-email\"><input size=\"40\" class=\"wpcf7-form-control wpcf7-text wpcf7-email wpcf7-validates-as-required wpcf7-validates-as-email\" aria-required=\"true\" aria-invalid=\"false\" placeholder=\"E-mail *\" value=\"\" type=\"email\" name=\"your-email\" \/><\/span><br \/>\n<span class=\"wpcf7-form-control-wrap\" data-name=\"your-subject\"><input size=\"40\" class=\"wpcf7-form-control wpcf7-text\" aria-invalid=\"false\" placeholder=\"Ettev\u00f5te *\" value=\"\" type=\"text\" name=\"your-subject\" \/><\/span><br \/>\n<input class=\"wpcf7-form-control has-spinner wpcf7-submit submit\" type=\"submit\" value=\"Saada\" \/>\n\t<\/p>\n<\/div><p style=\"display: none !important;\" class=\"akismet-fields-container\" data-prefix=\"_wpcf7_ak_\"><label>&#916;<textarea name=\"_wpcf7_ak_hp_textarea\" cols=\"45\" rows=\"8\" maxlength=\"100\"><\/textarea><\/label><input type=\"hidden\" id=\"ak_js_1\" name=\"_wpcf7_ak_js\" value=\"149\"\/><script>document.getElementById( \"ak_js_1\" ).setAttribute( \"value\", ( new Date() ).getTime() );<\/script><\/p><div class=\"wpcf7-response-output\" aria-hidden=\"true\"><\/div>\n<\/form>\n<\/div>\n[\/vc_column][\/vc_row][vc_row][vc_column][vc_video link=&#8221;https:\/\/www.youtube.com\/watch?v=dJaJzB_0bWc&amp;t=0s&#8221;][vc_empty_space height=&#8221;30px&#8221;][\/vc_column][\/vc_row][vc_row css_animation=&#8221;fadeInDown&#8221; el_class=&#8221;bg-accent&#8221;][vc_column]\n    <div class=\"wprt-action-box style-1 has-icon \">\n        <div class=\"inner\">\n            <div class=\"heading-wrap\">\n                <div class=\"text-wrap\">\n                    <h3 class=\"heading\">Proovi Trumpautot riskivabalt t\u00e4iesti tasuta<\/h3>\n                    <span class=\"icon\"><i class=\"fas fa-desktop\"><\/i><\/span> \n                <\/div>\n            <\/div>\n            <div class=\"button-wrap\">\n                <a class=\"wprt-button white rounded-3px\" href=\"https:\/\/www.trumpauto.eu\/teenindusele\/proovi-tasuta\/\" target=\"_self\">Kliki siia<\/a>            <\/div>\n        <\/div>\n    <\/div>\n\n[\/vc_column][\/vc_row]<\/p>\n","protected":false},"excerpt":{"rendered":"<p>[vc_row][vc_column width=&#8221;2\/3&#8243;][vc_empty_space][vc_column_text] Trumpauto LIVE DEMO: Kuidas Trumpauto tarkvara enda kasuks t\u00f6\u00f6le panna? Registreeri alloleva vormi kaudu ja Trumpauto esindaja viib l\u00e4bi veebip\u00f5hise esitluse Trumpautost ja vastab personaalselt Sinu k\u00fcsimustele! J\u00e4ta kontaktid ja meie v\u00f5tame \u00fchendust ja lepime Sinuga detailid kokku. Meie demod on suunatud uutele ja vanadele Trumpauto huvilistele, kes soovivad m\u00f5ne konkreetse valdkonna kohta [&hellip;]<\/p>\n","protected":false},"author":1,"featured_media":0,"parent":0,"menu_order":0,"comment_status":"closed","ping_status":"closed","template":"page-templates\/template-fullwidth.php","meta":{"footnotes":""},"class_list":["post-2023","page","type-page","status-publish","hentry"],"yoast_head":"<!-- This site is optimized with the Yoast SEO plugin v20.5 - https:\/\/yoast.com\/wordpress\/plugins\/seo\/ -->\n<title>Live demo - Trumpauto - Trumpauto<\/title>\n<meta name=\"robots\" content=\"index, follow, max-snippet:-1, max-image-preview:large, max-video-preview:-1\" \/>\n<link rel=\"canonical\" href=\"https:\/\/www.trumpauto.eu\/teenindusele\/registreeri\/\" \/>\n<meta property=\"og:locale\" content=\"en_US\" \/>\n<meta property=\"og:type\" content=\"article\" \/>\n<meta property=\"og:title\" content=\"Live demo - Trumpauto - Trumpauto\" \/>\n<meta property=\"og:description\" content=\"[vc_row][vc_column width=&#8221;2\/3&#8243;][vc_empty_space][vc_column_text] Trumpauto LIVE DEMO: Kuidas Trumpauto tarkvara enda kasuks t\u00f6\u00f6le panna? Registreeri alloleva vormi kaudu ja Trumpauto esindaja viib l\u00e4bi veebip\u00f5hise esitluse Trumpautost ja vastab personaalselt Sinu k\u00fcsimustele! J\u00e4ta kontaktid ja meie v\u00f5tame \u00fchendust ja lepime Sinuga detailid kokku. Meie demod on suunatud uutele ja vanadele Trumpauto huvilistele, kes soovivad m\u00f5ne konkreetse valdkonna kohta [&hellip;]\" \/>\n<meta property=\"og:url\" content=\"https:\/\/www.trumpauto.eu\/teenindusele\/registreeri\/\" \/>\n<meta property=\"og:site_name\" content=\"Trumpauto\" \/>\n<meta property=\"article:modified_time\" content=\"2022-08-10T10:26:21+00:00\" \/>\n<meta name=\"twitter:card\" content=\"summary_large_image\" \/>\n<meta name=\"twitter:label1\" content=\"Est. reading time\" \/>\n\t<meta name=\"twitter:data1\" content=\"1 minute\" \/>\n<script type=\"application\/ld+json\" class=\"yoast-schema-graph\">{\"@context\":\"https:\/\/schema.org\",\"@graph\":[{\"@type\":\"WebPage\",\"@id\":\"https:\/\/www.trumpauto.eu\/teenindusele\/registreeri\/\",\"url\":\"https:\/\/www.trumpauto.eu\/teenindusele\/registreeri\/\",\"name\":\"Live demo - Trumpauto - Trumpauto\",\"isPartOf\":{\"@id\":\"https:\/\/www.trumpauto.eu\/teenindusele\/#website\"},\"datePublished\":\"2020-12-02T10:05:44+00:00\",\"dateModified\":\"2022-08-10T10:26:21+00:00\",\"breadcrumb\":{\"@id\":\"https:\/\/www.trumpauto.eu\/teenindusele\/registreeri\/#breadcrumb\"},\"inLanguage\":\"en-US\",\"potentialAction\":[{\"@type\":\"ReadAction\",\"target\":[\"https:\/\/www.trumpauto.eu\/teenindusele\/registreeri\/\"]}]},{\"@type\":\"BreadcrumbList\",\"@id\":\"https:\/\/www.trumpauto.eu\/teenindusele\/registreeri\/#breadcrumb\",\"itemListElement\":[{\"@type\":\"ListItem\",\"position\":1,\"name\":\"Home\",\"item\":\"https:\/\/www.trumpauto.eu\/teenindusele\/\"},{\"@type\":\"ListItem\",\"position\":2,\"name\":\"Live demo &#8211; Trumpauto\"}]},{\"@type\":\"WebSite\",\"@id\":\"https:\/\/www.trumpauto.eu\/teenindusele\/#website\",\"url\":\"https:\/\/www.trumpauto.eu\/teenindusele\/\",\"name\":\"Trumpauto\",\"description\":\"Tarkvara Teie T\u00f6\u00f6kojale\",\"potentialAction\":[{\"@type\":\"SearchAction\",\"target\":{\"@type\":\"EntryPoint\",\"urlTemplate\":\"https:\/\/www.trumpauto.eu\/teenindusele\/?s={search_term_string}\"},\"query-input\":\"required name=search_term_string\"}],\"inLanguage\":\"en-US\"}]}<\/script>\n<!-- \/ Yoast SEO plugin. -->","yoast_head_json":{"title":"Live demo - Trumpauto - Trumpauto","robots":{"index":"index","follow":"follow","max-snippet":"max-snippet:-1","max-image-preview":"max-image-preview:large","max-video-preview":"max-video-preview:-1"},"canonical":"https:\/\/www.trumpauto.eu\/teenindusele\/registreeri\/","og_locale":"en_US","og_type":"article","og_title":"Live demo - Trumpauto - Trumpauto","og_description":"[vc_row][vc_column width=&#8221;2\/3&#8243;][vc_empty_space][vc_column_text] Trumpauto LIVE DEMO: Kuidas Trumpauto tarkvara enda kasuks t\u00f6\u00f6le panna? Registreeri alloleva vormi kaudu ja Trumpauto esindaja viib l\u00e4bi veebip\u00f5hise esitluse Trumpautost ja vastab personaalselt Sinu k\u00fcsimustele! J\u00e4ta kontaktid ja meie v\u00f5tame \u00fchendust ja lepime Sinuga detailid kokku. Meie demod on suunatud uutele ja vanadele Trumpauto huvilistele, kes soovivad m\u00f5ne konkreetse valdkonna kohta [&hellip;]","og_url":"https:\/\/www.trumpauto.eu\/teenindusele\/registreeri\/","og_site_name":"Trumpauto","article_modified_time":"2022-08-10T10:26:21+00:00","twitter_card":"summary_large_image","twitter_misc":{"Est. reading time":"1 minute"},"schema":{"@context":"https:\/\/schema.org","@graph":[{"@type":"WebPage","@id":"https:\/\/www.trumpauto.eu\/teenindusele\/registreeri\/","url":"https:\/\/www.trumpauto.eu\/teenindusele\/registreeri\/","name":"Live demo - Trumpauto - Trumpauto","isPartOf":{"@id":"https:\/\/www.trumpauto.eu\/teenindusele\/#website"},"datePublished":"2020-12-02T10:05:44+00:00","dateModified":"2022-08-10T10:26:21+00:00","breadcrumb":{"@id":"https:\/\/www.trumpauto.eu\/teenindusele\/registreeri\/#breadcrumb"},"inLanguage":"en-US","potentialAction":[{"@type":"ReadAction","target":["https:\/\/www.trumpauto.eu\/teenindusele\/registreeri\/"]}]},{"@type":"BreadcrumbList","@id":"https:\/\/www.trumpauto.eu\/teenindusele\/registreeri\/#breadcrumb","itemListElement":[{"@type":"ListItem","position":1,"name":"Home","item":"https:\/\/www.trumpauto.eu\/teenindusele\/"},{"@type":"ListItem","position":2,"name":"Live demo &#8211; Trumpauto"}]},{"@type":"WebSite","@id":"https:\/\/www.trumpauto.eu\/teenindusele\/#website","url":"https:\/\/www.trumpauto.eu\/teenindusele\/","name":"Trumpauto","description":"Tarkvara Teie T\u00f6\u00f6kojale","potentialAction":[{"@type":"SearchAction","target":{"@type":"EntryPoint","urlTemplate":"https:\/\/www.trumpauto.eu\/teenindusele\/?s={search_term_string}"},"query-input":"required name=search_term_string"}],"inLanguage":"en-US"}]}},"_links":{"self":[{"href":"https:\/\/www.trumpauto.eu\/teenindusele\/wp-json\/wp\/v2\/pages\/2023","targetHints":{"allow":["GET"]}}],"collection":[{"href":"https:\/\/www.trumpauto.eu\/teenindusele\/wp-json\/wp\/v2\/pages"}],"about":[{"href":"https:\/\/www.trumpauto.eu\/teenindusele\/wp-json\/wp\/v2\/types\/page"}],"author":[{"embeddable":true,"href":"https:\/\/www.trumpauto.eu\/teenindusele\/wp-json\/wp\/v2\/users\/1"}],"replies":[{"embeddable":true,"href":"https:\/\/www.trumpauto.eu\/teenindusele\/wp-json\/wp\/v2\/comments?post=2023"}],"version-history":[{"count":44,"href":"https:\/\/www.trumpauto.eu\/teenindusele\/wp-json\/wp\/v2\/pages\/2023\/revisions"}],"predecessor-version":[{"id":2653,"href":"https:\/\/www.trumpauto.eu\/teenindusele\/wp-json\/wp\/v2\/pages\/2023\/revisions\/2653"}],"wp:attachment":[{"href":"https:\/\/www.trumpauto.eu\/teenindusele\/wp-json\/wp\/v2\/media?parent=2023"}],"curies":[{"name":"wp","href":"https:\/\/api.w.org\/{rel}","templated":true}]}}